{"id":1003,"date":"2026-07-22T06:47:08","date_gmt":"2026-07-22T06:47:08","guid":{"rendered":"https:\/\/krajinateh.ba\/index.php\/informacije\/"},"modified":"2026-07-24T14:31:08","modified_gmt":"2026-07-24T14:31:08","slug":"informacije","status":"publish","type":"page","link":"https:\/\/krajinateh.ba\/index.php\/informacije\/","title":{"rendered":"INFORMACIJE"},"content":{"rendered":"\n<div class=\"wp-block-group alignwide is-style-default has-contrast-dark-color has-contrast-light-background-color has-text-color has-background has-link-color wp-elements-4b413826739761fda8c47d60454f8b08 has-global-padding is-layout-constrained wp-container-core-group-is-layout-d48c2c98 wp-block-group-is-layout-constrained\" style=\"margin-top:0;margin-bottom:0;padding-top:0;padding-right:var(--wp--preset--spacing--superbspacing-small);padding-bottom:0;padding-left:var(--wp--preset--spacing--superbspacing-small)\">\n<div class=\"wp-block-group alignwide has-global-padding is-layout-constrained wp-container-core-group-is-layout-e791fcf5 wp-block-group-is-layout-constrained\">\n<hr class=\"wp-block-separator has-text-color has-alpha-channel-opacity has-background is-style-default\" style=\"background-color:#8a0000;color:#8a0000\"\/>\n\n\n\n<h2 data-spbadd-entrance=\"\" superb-addons-animation=\"fadeInUp\" class=\"wp-block-heading has-text-align-center has-contrast-color has-text-color has-superbfont-xlarge-font-size\">INFORMACIJE<\/h2>\n\n\n\n<p data-spbadd-entrance=\"\" superb-addons-animation=\"fadeInUp\" class=\"has-text-align-center has-mono-2-color has-text-color has-contrast-dark-color has-superbfont-small-font-size wp-block-paragraph\" style=\"margin-bottom:var(--wp--preset--spacing--superbspacing-medium)\">Sve \u0161to trebate znati o tehni\u010dkom pregledu, registraciji vozila i na\u0161im uslugama na jednom mjestu.<\/p>\n\n\n\n<div data-spbadd-entrance=\"\" superb-addons-animation=\"fadeInUp\" class=\"wp-block-group has-background has-superbfont-medium-font-size has-global-padding is-layout-constrained wp-container-core-group-is-layout-5c217d9a wp-block-group-is-layout-constrained\" style=\"border-top-left-radius:5px;border-top-right-radius:5px;border-bottom-left-radius:5px;border-bottom-right-radius:5px;background-color:#730000;margin-top:var(--wp--preset--spacing--superbspacing-xxsmall);margin-bottom:var(--wp--preset--spacing--superbspacing-xxsmall);padding-top:var(--wp--preset--spacing--superbspacing-small);padding-right:var(--wp--preset--spacing--superbspacing-small);padding-bottom:var(--wp--preset--spacing--superbspacing-small);padding-left:var(--wp--preset--spacing--superbspacing-small);box-shadow:var(--wp--preset--shadow--deep)\">\n<p class=\"has-contrast-light-color has-text-color has-link-color has-superbfont-medium-font-size wp-elements-9f5d5e8e8f4cc5289884baea28c5a9c1 wp-block-paragraph\">Koristan dokument<\/p>\n\n\n\n<p class=\"has-text-align-left has-base-color has-text-color has-link-color wp-elements-e13679e848f92605458c1a816c31af4f wp-block-paragraph\" style=\"font-size:clamp(14px, 0.875rem + ((1vw - 3.2px) * 0.455), 18px);\"><a href=\"https:\/\/krajinateh.ba\/wp-content\/uploads\/2026\/07\/Pravilnik-o-tehnickim-pregledima-vozila_SlGlBiH_33_19_H.pdf\">Pravilnik o tehni\u010dkim pregledima vozila<\/a><\/p>\n<\/div>\n\n\n\n<div data-spbadd-entrance=\"\" superb-addons-animation=\"fadeInUp\" class=\"wp-block-group has-background has-superbfont-medium-font-size has-global-padding is-layout-constrained wp-container-core-group-is-layout-5c217d9a wp-block-group-is-layout-constrained\" style=\"border-top-left-radius:5px;border-top-right-radius:5px;border-bottom-left-radius:5px;border-bottom-right-radius:5px;background-color:#730000;margin-top:var(--wp--preset--spacing--superbspacing-xxsmall);margin-bottom:var(--wp--preset--spacing--superbspacing-xxsmall);padding-top:var(--wp--preset--spacing--superbspacing-small);padding-right:var(--wp--preset--spacing--superbspacing-small);padding-bottom:var(--wp--preset--spacing--superbspacing-small);padding-left:var(--wp--preset--spacing--superbspacing-small);box-shadow:var(--wp--preset--shadow--deep)\">\n<p class=\"has-base-color has-text-color has-link-color has-superbfont-medium-font-size wp-elements-6cb33237587180ec7c332e6fd019891e wp-block-paragraph\" style=\"margin-top:var(--wp--preset--spacing--superbspacing-xxsmall)\">Koliko traje tehni\u010dki pregled?<\/p>\n\n\n\n<p class=\"has-base-color has-text-color has-link-color has-superbfont-small-font-size wp-elements-0473b021607f5bd9c7edfb4539be9199 wp-block-paragraph\" style=\"margin-top:var(--wp--preset--spacing--superbspacing-xxsmall);font-size:clamp(15.747px, 0.984rem + ((1vw - 3.2px) * 0.938), 24px);\">Prosje\u010dno 20\u201330 minuta, u zavisnosti od vrste vozila i gu\u017eve.<br><\/p>\n<\/div>\n\n\n\n<div data-spbadd-entrance=\"\" superb-addons-animation=\"fadeInUp\" class=\"wp-block-group has-background has-superbfont-medium-font-size has-global-padding is-layout-constrained wp-container-core-group-is-layout-5c217d9a wp-block-group-is-layout-constrained\" style=\"border-top-left-radius:5px;border-top-right-radius:5px;border-bottom-left-radius:5px;border-bottom-right-radius:5px;background-color:#730000;min-height:5px;margin-top:var(--wp--preset--spacing--superbspacing-xxsmall);margin-bottom:var(--wp--preset--spacing--superbspacing-xxsmall);padding-top:var(--wp--preset--spacing--superbspacing-small);padding-right:var(--wp--preset--spacing--superbspacing-small);padding-bottom:var(--wp--preset--spacing--superbspacing-small);padding-left:var(--wp--preset--spacing--superbspacing-small);box-shadow:var(--wp--preset--shadow--deep)\">\n<p class=\"has-contrast-light-color has-text-color has-link-color has-superbfont-medium-font-size wp-elements-3c51c1be1f8a334d26c17b342c23e046 wp-block-paragraph\" style=\"margin-top:var(--wp--preset--spacing--superbspacing-xxsmall)\">Koja dokumentacija je potrebna za registraciju?<\/p>\n\n\n\n<p class=\"has-contrast-light-color has-text-color has-link-color has-superbfont-small-font-size wp-elements-f4bc781953a619bfdcac415fa5c7b0d2 wp-block-paragraph\" style=\"margin-top:var(--wp--preset--spacing--superbspacing-xxsmall);font-size:clamp(15.747px, 0.984rem + ((1vw - 3.2px) * 0.938), 24px);\">Potrebna je saobra\u0107ajna dozvola, va\u017ee\u0107i li\u010dni dokument vlasnika vozila, polisa obaveznog osiguranja i ostala dokumentacija u skladu sa va\u017ee\u0107im propisima i vrstom registracije.<\/p>\n<\/div>\n\n\n\n<div data-spbadd-entrance=\"\" superb-addons-animation=\"fadeInUp\" class=\"wp-block-group has-background has-superbfont-medium-font-size has-global-padding is-layout-constrained wp-container-core-group-is-layout-5c217d9a wp-block-group-is-layout-constrained\" style=\"border-top-left-radius:5px;border-top-right-radius:5px;border-bottom-left-radius:5px;border-bottom-right-radius:5px;background-color:#730000;margin-top:var(--wp--preset--spacing--superbspacing-xxsmall);margin-bottom:var(--wp--preset--spacing--superbspacing-xxsmall);padding-top:var(--wp--preset--spacing--superbspacing-small);padding-right:var(--wp--preset--spacing--superbspacing-small);padding-bottom:var(--wp--preset--spacing--superbspacing-small);padding-left:var(--wp--preset--spacing--superbspacing-small);box-shadow:var(--wp--preset--shadow--deep)\">\n<p class=\"has-contrast-light-color has-text-color has-link-color has-superbfont-medium-font-size wp-elements-e838ea2074d8498aeed9bd1f2f0ccb71 wp-block-paragraph\" style=\"margin-top:var(--wp--preset--spacing--superbspacing-xxsmall)\">Mogu li kod vas odmah registrovati vozilo?<\/p>\n\n\n\n<p class=\"has-contrast-light-color has-text-color has-link-color has-superbfont-small-font-size wp-elements-595a5218846b9a59e9954db11f69119a wp-block-paragraph\" style=\"margin-top:var(--wp--preset--spacing--superbspacing-xxsmall);font-size:clamp(15.747px, 0.984rem + ((1vw - 3.2px) * 0.938), 24px);\">Da, na na\u0161im stanicama u saradnji sa Krajina osiguranjem mo\u017eete obaviti tehni\u010dki pregled i registraciju na jednom mjestu.<\/p>\n<\/div>\n\n\n\n<div data-spbadd-entrance=\"\" superb-addons-animation=\"fadeInUp\" class=\"wp-block-group has-background has-superbfont-medium-font-size has-global-padding is-layout-constrained wp-container-core-group-is-layout-5c217d9a wp-block-group-is-layout-constrained\" style=\"border-top-left-radius:5px;border-top-right-radius:5px;border-bottom-left-radius:5px;border-bottom-right-radius:5px;background-color:#730000;margin-top:var(--wp--preset--spacing--superbspacing-xxsmall);margin-bottom:var(--wp--preset--spacing--superbspacing-xxsmall);padding-top:var(--wp--preset--spacing--superbspacing-small);padding-right:var(--wp--preset--spacing--superbspacing-small);padding-bottom:var(--wp--preset--spacing--superbspacing-small);padding-left:var(--wp--preset--spacing--superbspacing-small);box-shadow:var(--wp--preset--shadow--deep)\">\n<p class=\"has-contrast-light-color has-text-color has-link-color has-superbfont-medium-font-size wp-elements-e82a7bab8ea992aefac602721f934807 wp-block-paragraph\" style=\"margin-top:var(--wp--preset--spacing--superbspacing-xxsmall)\">Da li je potrebno zakazati termin za tehni\u010dki pregled?<\/p>\n\n\n\n<p class=\"has-contrast-light-color has-text-color has-link-color has-superbfont-small-font-size wp-elements-32c76cd3427c902a8f7544879db77658 wp-block-paragraph\" style=\"margin-top:var(--wp--preset--spacing--superbspacing-xxsmall);font-size:clamp(15.747px, 0.984rem + ((1vw - 3.2px) * 0.938), 24px);\">Da. Tehni\u010dki pregled se obavlja uz prethodno zakazivanje termina. Termin mo\u017eete rezervisati telefonom ili kontaktiranjem najbli\u017ee stanice tehni\u010dkog pregleda.<\/p>\n<\/div>\n\n\n\n<div data-spbadd-entrance=\"\" superb-addons-animation=\"fadeInUp\" class=\"wp-block-group has-background has-superbfont-medium-font-size has-global-padding is-layout-constrained wp-container-core-group-is-layout-5c217d9a wp-block-group-is-layout-constrained\" style=\"border-top-left-radius:5px;border-top-right-radius:5px;border-bottom-left-radius:5px;border-bottom-right-radius:5px;background-color:#730000;margin-top:var(--wp--preset--spacing--superbspacing-xxsmall);margin-bottom:var(--wp--preset--spacing--superbspacing-xxsmall);padding-top:var(--wp--preset--spacing--superbspacing-small);padding-right:var(--wp--preset--spacing--superbspacing-small);padding-bottom:var(--wp--preset--spacing--superbspacing-small);padding-left:var(--wp--preset--spacing--superbspacing-small);box-shadow:var(--wp--preset--shadow--deep)\">\n<p class=\"has-contrast-light-color has-text-color has-link-color has-superbfont-medium-font-size wp-elements-16a79897383c5d8bc785d205875c3095 wp-block-paragraph\" style=\"margin-top:var(--wp--preset--spacing--superbspacing-xxsmall)\">Da li mogu obaviti registraciju u bilo kojoj va\u0161oj stanici?<\/p>\n\n\n\n<p class=\"has-contrast-light-color has-text-color has-link-color has-superbfont-small-font-size wp-elements-7cabc5dc52a45ae41c4909d8b30c65dd wp-block-paragraph\" style=\"margin-top:var(--wp--preset--spacing--superbspacing-xxsmall);font-size:clamp(15.747px, 0.984rem + ((1vw - 3.2px) * 0.938), 24px);\">Da. Kompletnu uslugu tehni\u010dkog pregleda i registracije mo\u017eete obaviti u bilo kojoj od na\u0161ih \u0161est stanica.<\/p>\n<\/div>\n\n\n\n<div data-spbadd-entrance=\"\" superb-addons-animation=\"fadeInUp\" class=\"wp-block-group has-background has-superbfont-medium-font-size has-global-padding is-layout-constrained wp-container-core-group-is-layout-5c217d9a wp-block-group-is-layout-constrained\" style=\"border-top-left-radius:5px;border-top-right-radius:5px;border-bottom-left-radius:5px;border-bottom-right-radius:5px;background-color:#730000;margin-top:var(--wp--preset--spacing--superbspacing-xxsmall);margin-bottom:var(--wp--preset--spacing--superbspacing-xxsmall);padding-top:var(--wp--preset--spacing--superbspacing-small);padding-right:var(--wp--preset--spacing--superbspacing-small);padding-bottom:var(--wp--preset--spacing--superbspacing-small);padding-left:var(--wp--preset--spacing--superbspacing-small);box-shadow:var(--wp--preset--shadow--deep)\">\n<p class=\"has-contrast-light-color has-text-color has-link-color has-superbfont-medium-font-size wp-elements-9b3fe6f0e23eb508fdcadbb984e8a6d4 wp-block-paragraph\" style=\"margin-top:var(--wp--preset--spacing--superbspacing-xxsmall)\">\u0160ta je obuhva\u0107eno tehni\u010dkim pregledom?<\/p>\n\n\n\n<p class=\"has-contrast-light-color has-text-color has-link-color has-superbfont-small-font-size wp-elements-c0045c5aadb5fe041101ceef5fdf345d wp-block-paragraph\" style=\"margin-top:var(--wp--preset--spacing--superbspacing-xxsmall);font-size:clamp(15.747px, 0.984rem + ((1vw - 3.2px) * 0.938), 24px);\">Tokom tehni\u010dkog pregleda provjerava se ispravnost ko\u010dionog sistema, upravlja\u010dkog mehanizma, svjetlosne signalizacije, ovjesa, pneumatika, emisije izduvnih gasova i drugih elemenata propisanih zakonom.<\/p>\n<\/div>\n<\/div>\n<\/div>\n","protected":false},"excerpt":{"rendered":"<p>INFORMACIJE Sve \u0161to trebate znati o tehni\u010dkom pregledu, registraciji vozila i na\u0161im uslugama na jednom mjestu. Koristan dokument Pravilnik o tehni\u010dkim pregledima vozila Koliko traje tehni\u010dki pregled? Prosje\u010dno 20\u201330 minuta, u zavisnosti od vrste vozila i gu\u017eve. Koja dokumentacija je potrebna za registraciju? Potrebna je saobra\u0107ajna dozvola, va\u017ee\u0107i li\u010dni dokument vlasnika vozila, polisa obaveznog osiguranja [&hellip;]<\/p>\n","protected":false},"author":1,"featured_media":0,"parent":0,"menu_order":0,"comment_status":"closed","ping_status":"closed","template":"","meta":{"om_disable_all_campaigns":false,"_monsterinsights_skip_tracking":false,"footnotes":""},"class_list":["post-1003","page","type-page","status-publish","hentry"],"_links":{"self":[{"href":"https:\/\/krajinateh.ba\/index.php\/wp-json\/wp\/v2\/pages\/1003","targetHints":{"allow":["GET"]}}],"collection":[{"href":"https:\/\/krajinateh.ba\/index.php\/wp-json\/wp\/v2\/pages"}],"about":[{"href":"https:\/\/krajinateh.ba\/index.php\/wp-json\/wp\/v2\/types\/page"}],"author":[{"embeddable":true,"href":"https:\/\/krajinateh.ba\/index.php\/wp-json\/wp\/v2\/users\/1"}],"replies":[{"embeddable":true,"href":"https:\/\/krajinateh.ba\/index.php\/wp-json\/wp\/v2\/comments?post=1003"}],"version-history":[{"count":10,"href":"https:\/\/krajinateh.ba\/index.php\/wp-json\/wp\/v2\/pages\/1003\/revisions"}],"predecessor-version":[{"id":1136,"href":"https:\/\/krajinateh.ba\/index.php\/wp-json\/wp\/v2\/pages\/1003\/revisions\/1136"}],"wp:attachment":[{"href":"https:\/\/krajinateh.ba\/index.php\/wp-json\/wp\/v2\/media?parent=1003"}],"curies":[{"name":"wp","href":"https:\/\/api.w.org\/{rel}","templated":true}]}}

<div class="wp-block-group alignwide is-style-default has-contrast-dark-color has-contrast-light-background-color has-text-color has-background has-link-color wp-elements-4b413826739761fda8c47d60454f8b08 has-global-padding is-layout-constrained wp-container-core-group-is-layout-d48c2c98 wp-block-group-is-layout-constrained" style="margin-top:0;margin-bottom:0;padding-top:0;padding-right:var(--wp--preset--spacing--superbspacing-small);padding-bottom:0;padding-left:var(--wp--preset--spacing--superbspacing-small)">
<div class="wp-block-group alignwide has-global-padding is-layout-constrained wp-container-core-group-is-layout-e791fcf5 wp-block-group-is-layout-constrained">
<hr class="wp-block-separator has-text-color has-alpha-channel-opacity has-background is-style-default" style="background-color:#8a0000;color:#8a0000"/>



<h2 data-spbadd-entrance="" superb-addons-animation="fadeInUp" class="wp-block-heading has-text-align-center has-contrast-color has-text-color has-superbfont-xlarge-font-size">INFORMACIJE</h2>



<p data-spbadd-entrance="" superb-addons-animation="fadeInUp" class="has-text-align-center has-mono-2-color has-text-color has-contrast-dark-color has-superbfont-small-font-size wp-block-paragraph" style="margin-bottom:var(--wp--preset--spacing--superbspacing-medium)">Sve što trebate znati o tehničkom pregledu, registraciji vozila i našim uslugama na jednom mjestu.</p>



<div data-spbadd-entrance="" superb-addons-animation="fadeInUp" class="wp-block-group has-background has-superbfont-medium-font-size has-global-padding is-layout-constrained wp-container-core-group-is-layout-5c217d9a wp-block-group-is-layout-constrained" style="border-top-left-radius:5px;border-top-right-radius:5px;border-bottom-left-radius:5px;border-bottom-right-radius:5px;background-color:#730000;margin-top:var(--wp--preset--spacing--superbspacing-xxsmall);margin-bottom:var(--wp--preset--spacing--superbspacing-xxsmall);padding-top:var(--wp--preset--spacing--superbspacing-small);padding-right:var(--wp--preset--spacing--superbspacing-small);padding-bottom:var(--wp--preset--spacing--superbspacing-small);padding-left:var(--wp--preset--spacing--superbspacing-small);box-shadow:var(--wp--preset--shadow--deep)">
<p class="has-contrast-light-color has-text-color has-link-color has-superbfont-medium-font-size wp-elements-9f5d5e8e8f4cc5289884baea28c5a9c1 wp-block-paragraph">Koristan dokument</p>



<p class="has-text-align-left has-base-color has-text-color has-link-color wp-elements-e13679e848f92605458c1a816c31af4f wp-block-paragraph" style="font-size:clamp(14px, 0.875rem + ((1vw - 3.2px) * 0.455), 18px);"><a href="https://krajinateh.ba/wp-content/uploads/2026/07/Pravilnik-o-tehnickim-pregledima-vozila_SlGlBiH_33_19_H.pdf">Pravilnik o tehničkim pregledima vozila</a></p>
</div>



<div data-spbadd-entrance="" superb-addons-animation="fadeInUp" class="wp-block-group has-background has-superbfont-medium-font-size has-global-padding is-layout-constrained wp-container-core-group-is-layout-5c217d9a wp-block-group-is-layout-constrained" style="border-top-left-radius:5px;border-top-right-radius:5px;border-bottom-left-radius:5px;border-bottom-right-radius:5px;background-color:#730000;margin-top:var(--wp--preset--spacing--superbspacing-xxsmall);margin-bottom:var(--wp--preset--spacing--superbspacing-xxsmall);padding-top:var(--wp--preset--spacing--superbspacing-small);padding-right:var(--wp--preset--spacing--superbspacing-small);padding-bottom:var(--wp--preset--spacing--superbspacing-small);padding-left:var(--wp--preset--spacing--superbspacing-small);box-shadow:var(--wp--preset--shadow--deep)">
<p class="has-base-color has-text-color has-link-color has-superbfont-medium-font-size wp-elements-6cb33237587180ec7c332e6fd019891e wp-block-paragraph" style="margin-top:var(--wp--preset--spacing--superbspacing-xxsmall)">Koliko traje tehnički pregled?</p>



<p class="has-base-color has-text-color has-link-color has-superbfont-small-font-size wp-elements-0473b021607f5bd9c7edfb4539be9199 wp-block-paragraph" style="margin-top:var(--wp--preset--spacing--superbspacing-xxsmall);font-size:clamp(15.747px, 0.984rem + ((1vw - 3.2px) * 0.938), 24px);">Prosječno 20–30 minuta, u zavisnosti od vrste vozila i gužve.<br></p>
</div>



<div data-spbadd-entrance="" superb-addons-animation="fadeInUp" class="wp-block-group has-background has-superbfont-medium-font-size has-global-padding is-layout-constrained wp-container-core-group-is-layout-5c217d9a wp-block-group-is-layout-constrained" style="border-top-left-radius:5px;border-top-right-radius:5px;border-bottom-left-radius:5px;border-bottom-right-radius:5px;background-color:#730000;min-height:5px;margin-top:var(--wp--preset--spacing--superbspacing-xxsmall);margin-bottom:var(--wp--preset--spacing--superbspacing-xxsmall);padding-top:var(--wp--preset--spacing--superbspacing-small);padding-right:var(--wp--preset--spacing--superbspacing-small);padding-bottom:var(--wp--preset--spacing--superbspacing-small);padding-left:var(--wp--preset--spacing--superbspacing-small);box-shadow:var(--wp--preset--shadow--deep)">
<p class="has-contrast-light-color has-text-color has-link-color has-superbfont-medium-font-size wp-elements-3c51c1be1f8a334d26c17b342c23e046 wp-block-paragraph" style="margin-top:var(--wp--preset--spacing--superbspacing-xxsmall)">Koja dokumentacija je potrebna za registraciju?</p>



<p class="has-contrast-light-color has-text-color has-link-color has-superbfont-small-font-size wp-elements-f4bc781953a619bfdcac415fa5c7b0d2 wp-block-paragraph" style="margin-top:var(--wp--preset--spacing--superbspacing-xxsmall);font-size:clamp(15.747px, 0.984rem + ((1vw - 3.2px) * 0.938), 24px);">Potrebna je saobraćajna dozvola, važeći lični dokument vlasnika vozila, polisa obaveznog osiguranja i ostala dokumentacija u skladu sa važećim propisima i vrstom registracije.</p>
</div>



<div data-spbadd-entrance="" superb-addons-animation="fadeInUp" class="wp-block-group has-background has-superbfont-medium-font-size has-global-padding is-layout-constrained wp-container-core-group-is-layout-5c217d9a wp-block-group-is-layout-constrained" style="border-top-left-radius:5px;border-top-right-radius:5px;border-bottom-left-radius:5px;border-bottom-right-radius:5px;background-color:#730000;margin-top:var(--wp--preset--spacing--superbspacing-xxsmall);margin-bottom:var(--wp--preset--spacing--superbspacing-xxsmall);padding-top:var(--wp--preset--spacing--superbspacing-small);padding-right:var(--wp--preset--spacing--superbspacing-small);padding-bottom:var(--wp--preset--spacing--superbspacing-small);padding-left:var(--wp--preset--spacing--superbspacing-small);box-shadow:var(--wp--preset--shadow--deep)">
<p class="has-contrast-light-color has-text-color has-link-color has-superbfont-medium-font-size wp-elements-e838ea2074d8498aeed9bd1f2f0ccb71 wp-block-paragraph" style="margin-top:var(--wp--preset--spacing--superbspacing-xxsmall)">Mogu li kod vas odmah registrovati vozilo?</p>



<p class="has-contrast-light-color has-text-color has-link-color has-superbfont-small-font-size wp-elements-595a5218846b9a59e9954db11f69119a wp-block-paragraph" style="margin-top:var(--wp--preset--spacing--superbspacing-xxsmall);font-size:clamp(15.747px, 0.984rem + ((1vw - 3.2px) * 0.938), 24px);">Da, na našim stanicama u saradnji sa Krajina osiguranjem možete obaviti tehnički pregled i registraciju na jednom mjestu.</p>
</div>



<div data-spbadd-entrance="" superb-addons-animation="fadeInUp" class="wp-block-group has-background has-superbfont-medium-font-size has-global-padding is-layout-constrained wp-container-core-group-is-layout-5c217d9a wp-block-group-is-layout-constrained" style="border-top-left-radius:5px;border-top-right-radius:5px;border-bottom-left-radius:5px;border-bottom-right-radius:5px;background-color:#730000;margin-top:var(--wp--preset--spacing--superbspacing-xxsmall);margin-bottom:var(--wp--preset--spacing--superbspacing-xxsmall);padding-top:var(--wp--preset--spacing--superbspacing-small);padding-right:var(--wp--preset--spacing--superbspacing-small);padding-bottom:var(--wp--preset--spacing--superbspacing-small);padding-left:var(--wp--preset--spacing--superbspacing-small);box-shadow:var(--wp--preset--shadow--deep)">
<p class="has-contrast-light-color has-text-color has-link-color has-superbfont-medium-font-size wp-elements-e82a7bab8ea992aefac602721f934807 wp-block-paragraph" style="margin-top:var(--wp--preset--spacing--superbspacing-xxsmall)">Da li je potrebno zakazati termin za tehnički pregled?</p>



<p class="has-contrast-light-color has-text-color has-link-color has-superbfont-small-font-size wp-elements-32c76cd3427c902a8f7544879db77658 wp-block-paragraph" style="margin-top:var(--wp--preset--spacing--superbspacing-xxsmall);font-size:clamp(15.747px, 0.984rem + ((1vw - 3.2px) * 0.938), 24px);">Da. Tehnički pregled se obavlja uz prethodno zakazivanje termina. Termin možete rezervisati telefonom ili kontaktiranjem najbliže stanice tehničkog pregleda.</p>
</div>



<div data-spbadd-entrance="" superb-addons-animation="fadeInUp" class="wp-block-group has-background has-superbfont-medium-font-size has-global-padding is-layout-constrained wp-container-core-group-is-layout-5c217d9a wp-block-group-is-layout-constrained" style="border-top-left-radius:5px;border-top-right-radius:5px;border-bottom-left-radius:5px;border-bottom-right-radius:5px;background-color:#730000;margin-top:var(--wp--preset--spacing--superbspacing-xxsmall);margin-bottom:var(--wp--preset--spacing--superbspacing-xxsmall);padding-top:var(--wp--preset--spacing--superbspacing-small);padding-right:var(--wp--preset--spacing--superbspacing-small);padding-bottom:var(--wp--preset--spacing--superbspacing-small);padding-left:var(--wp--preset--spacing--superbspacing-small);box-shadow:var(--wp--preset--shadow--deep)">
<p class="has-contrast-light-color has-text-color has-link-color has-superbfont-medium-font-size wp-elements-16a79897383c5d8bc785d205875c3095 wp-block-paragraph" style="margin-top:var(--wp--preset--spacing--superbspacing-xxsmall)">Da li mogu obaviti registraciju u bilo kojoj vašoj stanici?</p>



<p class="has-contrast-light-color has-text-color has-link-color has-superbfont-small-font-size wp-elements-7cabc5dc52a45ae41c4909d8b30c65dd wp-block-paragraph" style="margin-top:var(--wp--preset--spacing--superbspacing-xxsmall);font-size:clamp(15.747px, 0.984rem + ((1vw - 3.2px) * 0.938), 24px);">Da. Kompletnu uslugu tehničkog pregleda i registracije možete obaviti u bilo kojoj od naših šest stanica.</p>
</div>



<div data-spbadd-entrance="" superb-addons-animation="fadeInUp" class="wp-block-group has-background has-superbfont-medium-font-size has-global-padding is-layout-constrained wp-container-core-group-is-layout-5c217d9a wp-block-group-is-layout-constrained" style="border-top-left-radius:5px;border-top-right-radius:5px;border-bottom-left-radius:5px;border-bottom-right-radius:5px;background-color:#730000;margin-top:var(--wp--preset--spacing--superbspacing-xxsmall);margin-bottom:var(--wp--preset--spacing--superbspacing-xxsmall);padding-top:var(--wp--preset--spacing--superbspacing-small);padding-right:var(--wp--preset--spacing--superbspacing-small);padding-bottom:var(--wp--preset--spacing--superbspacing-small);padding-left:var(--wp--preset--spacing--superbspacing-small);box-shadow:var(--wp--preset--shadow--deep)">
<p class="has-contrast-light-color has-text-color has-link-color has-superbfont-medium-font-size wp-elements-9b3fe6f0e23eb508fdcadbb984e8a6d4 wp-block-paragraph" style="margin-top:var(--wp--preset--spacing--superbspacing-xxsmall)">Šta je obuhvaćeno tehničkim pregledom?</p>



<p class="has-contrast-light-color has-text-color has-link-color has-superbfont-small-font-size wp-elements-c0045c5aadb5fe041101ceef5fdf345d wp-block-paragraph" style="margin-top:var(--wp--preset--spacing--superbspacing-xxsmall);font-size:clamp(15.747px, 0.984rem + ((1vw - 3.2px) * 0.938), 24px);">Tokom tehničkog pregleda provjerava se ispravnost kočionog sistema, upravljačkog mehanizma, svjetlosne signalizacije, ovjesa, pneumatika, emisije izduvnih gasova i drugih elemenata propisanih zakonom.</p>
</div>
</div>
</div>

<p>INFORMACIJE Sve što trebate znati o tehničkom pregledu, registraciji vozila i našim uslugama na jednom mjestu. Koristan dokument Pravilnik o tehničkim pregledima vozila Koliko traje tehnički pregled? Prosječno 20–30 minuta, u zavisnosti od vrste vozila i gužve. Koja dokumentacija je potrebna za registraciju? Potrebna je saobraćajna dozvola, važeći lični dokument vlasnika vozila, polisa obaveznog osiguranja [&hellip;]</p>
